) = l + 16. Let v be u(-8). What is the units digit of o(v)?
3
Suppose 2*i = 20*i - 90. Suppose 737 = -i*x + 2462. What is the tens digit of x?
4
Suppose 0 = -18*o - 48*o + 73*o - 33145. What is the thousands digit of o?
4
Let m = 85 - 95. What is the units digit of (m - -2)*(-3694)/16?
7
Suppose -2*w + 4*y = 10, -6*w + w + 3*y = -10. Suppose -4*d + 6*d - 256 = -5*t, 0 = -w*d - 2*t + 598. What is the tens digit of d?
1
What is the ten thousands digit of 156/((-48)/(-30352)*7)?
1
What is the thousands digit of (-865144)/(-14) - 0/(-2)*3/(-6)?
1
Let q be 12/(-3) - -2 - -401. Suppose 0 = -2*v + q - 115. Let o = v - -54. What is the hundreds digit of o?
1
Let y(u) = -15 + 9*u**2 + 7*u**2 - 14*u**3 - 2*u - 4 + 15*u**3. What is the tens digit of y(-16)?
1
Suppose 4*t = -5*t + 7335. Let m = t + -531. Suppose -2*h = 4*l - 308, -3*l - 3*h = -m + 53. What is the units digit of l?
7
Let m(k) = k**3 + k**2 - 3*k - 1. Let z be m(2). Let j(f) = 4*f - 15. Let h be j(z). Suppose h*a - 200 = -0*a. What is the units digit of a?
0
Suppose 3*p = -3*v + 14427, -32 + 26 = -3*p. What is the tens digit of v?
0
Let l(k) = k**3 - 14*k**2 - k + 18. Let o be l(14). Suppose 3*y = o*m + 7, m + 4*m + y = 15. Suppose m*q - 7*q = -310. What is the tens digit of q?
6
Let u(o) = -2*o + 9. Let n be u(7). What is the tens digit of ((-46)/n)/(2/40)?
8
Suppose 0 = h - 2*r - 992, -5*h + r + 3900 + 1078 = 0. Let m = h + -260. What is the hundreds digit of m?
7
Let a(n) = -n**2 - 8*n + 5. Let f be a(-9). Let z be 172/17 + f/34. Let o(p) = p**3 - 11*p**2 + 13*p - 3. What is the units digit of o(z)?
7
Suppose -3*k + 33*o + 35505 = 34*o, 3*k - 35493 = -3*o. What is the units digit of k?
7
Suppose -100 = -5*s + 3*t + 28, -5*s + 2*t = -127. Let q(m) = -4*m + s - 3 + 3*m. What is the tens digit of q(-11)?
3
Suppose 117 = 12*m - 627. Suppose m*c + 2571 = 65*c. What is the units digit of c?
7
Suppose 20*a - 1136960 = -132*a. What is the thousands digit of a?
7
Let x be 70/805 - 412/(-23). What is the units digit of (-1540)/297*-24 - 8/x?
4
Suppose 2*w + 14*w - 692472 = -50*w. What is the units digit of w?
2
Let r = -20 + 47. Suppose r = 7*a - 4*a. Suppose -n = 2*n - a. What is the units digit of n?
3
Suppose -5*p + 2467 = d - 21460, 0 = -2*p + d + 9575. What is the hundreds digit of p?
7
What is the units digit of 2/(23128/11562 - (42 + -40))?
1
Suppose -4*a - 3*c = -194401, -11*a - 5*c = -7*a - 194415. What is the hundreds digit of a?
5
Let c = -411 + 449. Suppose 40*r = c*r + 2122. What is the units digit of r?
1
Let f = 307 + -208. Suppose s + f = 2*s. Suppose z = -16 + s. What is the units digit of z?
3
Let n be 1/(2305/(-330) - -7). Let b = 10 + n. What is the tens digit of b?
7
Let u = -9 + 11. Suppose -k = -2*v + 6*v - 1255, u*k = -2*v + 632. What is the tens digit of v?
1
Let v be (72/108)/(2/6066). Suppose -2*k - 20*t + v = -22*t, -k + 4*t = -1014. What is the tens digit of k?
1
Suppose 9*l - 7735 = -4*l. Let c = l + -156. What is the hundreds digit of c?
4
What is the units digit of 1/(14160/(-1288) + 11)?
1
Let q(r) = 274*r + 8105. What is the hundreds digit of q(0)?
1
Let m(a) = -2*a**2 - 67*a - 31. Let r(k) = k**2 + 34*k + 16. Let z(u) = -4*m(u) - 7*r(u). What is the hundreds digit of z(-33)?
1
Let i = 86385 + -52045. What is the hundreds digit of i?
3
Let q(z) = z**3 + 12*z**2 + 11*z - 22. Let n be q(-11). What is the units digit of n/(-88) + -1 + (-1839)/(-4)?
9
Suppose -4*x + 2*x = -w + 7, -38 = -2*w - 4*x. Let s = w + 500. What is the units digit of s?
3
Let s(p) = -6*p**2 + 37*p. Let q be s(6). Suppose -881 = -q*v + 523. What is the hundreds digit of v?
2
Let g(m) = -3*m + 18. Let d = 270 + -272. What is the tens digit of g(d)?
2
Let u(k) = 14*k**2 - 10*k - 54. Let s be u(-4). Let o = -139 + s. What is the units digit of o?
1
Let k = -3627 - -12521. What is the units digit of k?
4
Let i = 5211 + 2081. What is the units digit of i?
2
Let k be (-66)/(-4) - 12/24. Let y = -14 + k. Suppose i = -y*i + 54. What is the tens digit of i?
1
Suppose 3*l + 27 = 12*l. Suppose 2*h + l*r + 0*r = 783, -h + r + 389 = 0. Let k = -241 + h. What is the tens digit of k?
4
Let s = -37 + 40. Let w be (4126/6)/(1/s). Suppose w = 11*o - 1039. What is the tens digit of o?
8
Let a(j) = -16*j + 318. Let u be a(21). What is the thousands digit of (16/4 - (-78)/u)*-5019?
1
Suppose 1293*k = 1283*k + 53550. What is the tens digit of k?
5
Suppose -j = -0*j - 5. Suppose -j*y - 10 = 4*f, -3*y - 8 = f - 2. Suppose f = -2*w + 81 + 89. What is the tens digit of w?
8
Let w(p) = p**2 + 33*p + 190. What is the hundreds digit of w(65)?
5
Let w = -321 - -126. Let j = -177 - w. What is the units digit of j?
8
Let h(l) = 5*l + 27. Let s be h(-5). Suppose -59 = -4*x + s*r + 755, -409 = -2*x - r. What is the units digit of x?
4
What is the ten thousands digit of 1 + 118776/4 - (180/(-15) + 14)?
2
What is the ten thousands digit of 15659 + (-7 + 2 - (-3 - (-6 + 1)))?
1
Let y(g) = 363*g**2 - 11*g + 672. What is the tens digit of y(12)?
1
Let k(x) = -x**3 + 17*x**2 - 4*x + 37. Let c(z) = 2*z**3 - 34*z**2 + 10*z - 74. Let i(w) = 6*c(w) + 11*k(w). What is the hundreds digit of i(19)?
9
Suppose -k + 3 = 0, z - k - 3 = -2. Let l be 2/z*72/(-12) - -56. Let t = 14 + l. What is the tens digit of t?
6
Let h = 1519 - 764. Let p be 1 + 2 + (2 - 2). Suppose -149 - 448 = -4*o + p*n, 2*n = 5*o - h. What is the units digit of o?
3
Suppose 4*q = -312 + 1900. Let z = q - 66. What is the tens digit of z?
3
Suppose -c + 7 = s - 8, 4*c - 51 = 5*s. Suppose -a - c = 3*n, -4*n = 2*a + 17 + 1. Let q = 46 - a. What is the units digit of q?
5
Suppose 2*j - 3*s - 1266 = 0, -s + 1869 = 3*j + 2*s. Let x = j + -222. What is the units digit of x?
5
Let f be (-2)/5 - (-2)/5. Let n be f*(2/(-2) - -2). Suppose n = 18*d - 20*d + 192. What is the tens digit of d?
9
Let g = -367 + 370. Suppose -3*j - g*v = -1521, -j - 5*v - 501 = -2*j. What is the units digit of j?
6
Suppose -k + 2*w = 4*w - 1970, -5*k + 4*w + 9780 = 0. What is the hundreds digit of (254/(-5))/(7*(-16)/k)?
8
Let n(g) = 179*g + 268. What is the thousands digit of n(34)?
6
Let i(o) = -22*o**2 - 12. Let u(y) = -4*y - 9. Let q be u(-3). Let k be i(q). Let c = -105 - k. What is the units digit of c?
5
Suppose 5*y - 13*y + 16 = 0. Suppose y*l = -5*i - 300 + 882, 0 = -4*l - 3*i + 1192. What is the units digit of l?
1
Let u(c) = -2*c**3 + 2*c**2 + 8*c + 4. Suppose 56 = 6*b + 8*b. Let w(x) = -x**2 - x + 16. Let n be w(b). What is the units digit of u(n)?
2
Suppose -4*i + 46 = 3*s + 3, i - 3*s + 8 = 0. Suppose 5*f - 95 = 5*u, -4*f + 3 = i. What is the units digit of 2*15*u/(-25)?
4
Let l(g) = -g**3 - 67*g**2 + 162*g - 980. What is the hundreds digit of l(-70)?
3
Let w(u) be the first derivative of 5*u**2/2 + 97*u - 42. What is the units digit of w(11)?
2
Let c be (-1085)/(-63) - (-2)/(-9). Suppose -r - 5*h = 7 - 91, 2*h + 393 = 5*r. Suppose -c = -v + r. What is the units digit of v?
6
Suppose w + 119 = -2*y, 0*y - 295 = 5*y + 5*w. Let f = y - -185. What is the hundreds digit of f?
1
Let d(c) = c**3 - 13*c**2 - 13*c + 6. Let z be d(14). Let f(l) = z + 129*l - 27 - 122*l - 36. What is the hundreds digit of f(22)?
1
Let j be (14 + -17)/(6/(-646)). Suppose 50 = 5*q - 5*k - 750, -2*q + j = -3*k. What is the hundreds digit of q?
1
Let f = -242 - -242. What is the units digit of f + 10/55 - (-20)/11?
2
Suppose -4*g = 12, -c - 4*g - 16 = -5. What is the units digit of (6280/(-16))/(c/(-2))?
5
Suppose 9*m - 19 = 26. Suppose -m*y + 7*y = x + 473, 5*x = -4*y + 953. What is the hundreds digit of y?
2
Let r = -1531 + 2303. Let o = -297 + r. What is the units digit of o?
5
What is the thousands digit of (-17)/(595/(-408562)) - (-2)/(-10)?
1
What is the units digit of (2 + (-1)/(-3))/((12/36)/1)?
7
Suppose -2*b = -2*j, -5*b + 18 + 12 = j. Suppose 1080 + 862 = 4*x + b*y, y - 968 = -2*x. What is the units digit of x?
3
Let j(o) = 17*o**2 + 42*o + 283. What is the units digit of j(-27)?
2
Suppose 57231 + 41109 = 55*r. What is the tens digit of r?
8
Suppose 325 = -5*l + 4*p, 3*l - 4*p = 109 - 312. Let g = 335 + -225. Let w = l + g. What is the units digit of w?
9
Let x be (3 - (-101)/(-3))/((-4)/18). Let a = 311 - x. What is the tens digit of a?
7
Suppose y - 1932 - 2748 = -5*o, -4*o = -4*y + 18792. What is the thou